{"id":862,"date":"2011-09-09T10:53:24","date_gmt":"2011-09-09T08:53:24","guid":{"rendered":"http:\/\/kallekamel.se\/?page_id=862"},"modified":"2014-06-08T21:35:55","modified_gmt":"2014-06-08T19:35:55","slug":"somalisk-festmaltid","status":"publish","type":"page","link":"https:\/\/kallekamel.se\/?page_id=862","title":{"rendered":"Rysk-centralasiatisk buff\u00e9"},"content":{"rendered":"<p><a href=\"https:\/\/picasaweb.google.com\/117465660164239924284\/10Januari2012SomaliskFestmaltid?authuser=0&amp;feat=directlink\" target=\"blank\"><img loading=\"lazy\" decoding=\"async\" class=\"alignleft\" title=\"grupp vid bordet\" src=\"https:\/\/lh6.googleusercontent.com\/-nVrIj53_0TE\/TwxX3PJh7TI\/AAAAAAAABT8\/bQQMZpMCwqs\/s288\/DSC01909.JPG\" alt=\"\" width=\"288\" height=\"216\" \/><\/a><\/p>\n<p><a href=\"https:\/\/picasaweb.google.com\/lh\/photo\/HiXNrYLQEBbNxA6Ad5-_3Q?feat=directlink\" target=\"blank\"><img loading=\"lazy\" decoding=\"async\" class=\"alignleft\" title=\"i bagarstugan\" src=\"https:\/\/lh4.googleusercontent.com\/-ve_esUk6gHI\/TmnWmH5O2YI\/AAAAAAAAA10\/mMe6496FrpY\/gruppbuffet.jpg\" alt=\"\" width=\"288\" height=\"216\" \/><\/a><\/p>\n<p>&nbsp;<\/p>\n<p>&nbsp;<\/p>\n<p>&nbsp;<\/p>\n<p>&nbsp;<\/p>\n<p>&nbsp;<\/p>\n<p><a href=\"https:\/\/media.kallekamel.se\/2011\/09\/IMG_0751.jpg\"><img loading=\"lazy\" decoding=\"async\" class=\"aligncenter size-full wp-image-2072\" title=\"IMG_0751\" src=\"https:\/\/media.kallekamel.se\/2011\/09\/IMG_0751.jpg\" alt=\"\" width=\"2048\" height=\"1536\" srcset=\"https:\/\/media.kallekamel.se\/2011\/09\/IMG_0751.jpg 2048w, https:\/\/media.kallekamel.se\/2011\/09\/IMG_0751-300x225.jpg 300w, https:\/\/media.kallekamel.se\/2011\/09\/IMG_0751-1024x768.jpg 1024w\" sizes=\"auto, (max-width: 2048px) 100vw, 2048px\" \/><\/a><\/p>\n<p>Inneh\u00e5llet p\u00e5 den rysk-centralasiatiska buff\u00e9n best\u00e4ms efter s\u00e4song och tillg\u00e5ng. Ofta finns det bland annat kyckling Kiev fr\u00e5n Ukraina, pelmini fr\u00e5n Sibirien, borsjtj fr\u00e5n Ryssland, kulebjaka med l\u00f6k, k\u00f6tt och k\u00e5l. Pirosjiki med svamp. Blinier med kaviar, smetana och r\u00f6dl\u00f6k. Rysk sillsallad. Zakoska bord med ost och r\u00f6kt korv. Valfri dryck till men vi bjuder p\u00e5 Kvass som p\u00e5minner svagdricka. Efter maten; kaffe, baklava och rysk konfekt.<\/p>\n<p><a href=\"https:\/\/media.kallekamel.se\/2011\/09\/bild-kopia-4-klar.jpg\"><img loading=\"lazy\" decoding=\"async\" class=\"aligncenter size-full wp-image-1911\" title=\"bild kopia 4 klar\" src=\"https:\/\/media.kallekamel.se\/2011\/09\/bild-kopia-4-klar.jpg\" alt=\"\" width=\"3264\" height=\"2448\" srcset=\"https:\/\/media.kallekamel.se\/2011\/09\/bild-kopia-4-klar.jpg 3264w, https:\/\/media.kallekamel.se\/2011\/09\/bild-kopia-4-klar-300x225.jpg 300w, https:\/\/media.kallekamel.se\/2011\/09\/bild-kopia-4-klar-1024x768.jpg 1024w\" sizes=\"auto, (max-width: 3264px) 100vw, 3264px\" \/><\/a><\/p>\n<p><a href=\"https:\/\/media.kallekamel.se\/2011\/09\/bild-kopia-5-klar.jpg\"><img loading=\"lazy\" decoding=\"async\" class=\"aligncenter size-full wp-image-1910\" title=\"bild kopia 5 klar\" src=\"https:\/\/media.kallekamel.se\/2011\/09\/bild-kopia-5-klar.jpg\" alt=\"\" width=\"3264\" height=\"1874\" srcset=\"https:\/\/media.kallekamel.se\/2011\/09\/bild-kopia-5-klar.jpg 3264w, https:\/\/media.kallekamel.se\/2011\/09\/bild-kopia-5-klar-300x172.jpg 300w, https:\/\/media.kallekamel.se\/2011\/09\/bild-kopia-5-klar-1024x587.jpg 1024w\" sizes=\"auto, (max-width: 3264px) 100vw, 3264px\" \/><\/a><\/p>\n<p>&nbsp;<\/p>\n<p>&nbsp;<\/p>\n<p>&nbsp;<\/p>\n","protected":false},"excerpt":{"rendered":"<p>&nbsp; &nbsp; &nbsp; &nbsp; &nbsp; Inneh\u00e5llet p\u00e5 den rysk-centralasiatiska buff\u00e9n best\u00e4ms efter s\u00e4song och tillg\u00e5ng. Ofta finns det bland annat kyckling Kiev fr\u00e5n Ukraina, pelmini fr\u00e5n Sibirien, borsjtj fr\u00e5n Ryssland, kulebjaka med l\u00f6k, k\u00f6tt och k\u00e5l. Pirosjiki med svamp. Blinier &hellip; <a href=\"https:\/\/kallekamel.se\/?page_id=862\">Forts\u00e4tt l\u00e4sa <span class=\"meta-nav\">&rarr;<\/span><\/a><\/p>\n","protected":false},"author":1,"featured_media":0,"parent":110,"menu_order":7,"comment_status":"closed","ping_status":"closed","template":"","meta":{"footnotes":""},"class_list":["post-862","page","type-page","status-publish","hentry"],"_links":{"self":[{"href":"https:\/\/kallekamel.se\/index.php?rest_route=\/wp\/v2\/pages\/862","targetHints":{"allow":["GET"]}}],"collection":[{"href":"https:\/\/kallekamel.se\/index.php?rest_route=\/wp\/v2\/pages"}],"about":[{"href":"https:\/\/kallekamel.se\/index.php?rest_route=\/wp\/v2\/types\/page"}],"author":[{"embeddable":true,"href":"https:\/\/kallekamel.se\/index.php?rest_route=\/wp\/v2\/users\/1"}],"replies":[{"embeddable":true,"href":"https:\/\/kallekamel.se\/index.php?rest_route=%2Fwp%2Fv2%2Fcomments&post=862"}],"version-history":[{"count":31,"href":"https:\/\/kallekamel.se\/index.php?rest_route=\/wp\/v2\/pages\/862\/revisions"}],"predecessor-version":[{"id":870,"href":"https:\/\/kallekamel.se\/index.php?rest_route=\/wp\/v2\/pages\/862\/revisions\/870"}],"up":[{"embeddable":true,"href":"https:\/\/kallekamel.se\/index.php?rest_route=\/wp\/v2\/pages\/110"}],"wp:attachment":[{"href":"https:\/\/kallekamel.se\/index.php?rest_route=%2Fwp%2Fv2%2Fmedia&parent=862"}],"curies":[{"name":"wp","href":"https:\/\/api.w.org\/{rel}","templated":true}]}}