{"id":559,"date":"2011-05-11T07:23:46","date_gmt":"2011-05-11T05:23:46","guid":{"rendered":"http:\/\/kallekamel.se\/?page_id=559"},"modified":"2012-04-16T20:14:03","modified_gmt":"2012-04-16T18:14:03","slug":"10-maj-2011-boulevard-p4","status":"publish","type":"page","link":"https:\/\/kallekamel.se\/?page_id=559","title":{"rendered":"P4 Boulevard 10 maj 2011"},"content":{"rendered":"<p>Inger Haglund intervjuades i Boulevard p\u00e5 P4.<br \/>\nKlicka <a title=\"Till boulevard P4\" href=\"http:\/\/sverigesradio.se\/sida\/artikel.aspx?programid=507&amp;artikel=4497688\" target=\"_blank\">H\u00c4R<\/a> f\u00f6r att \u00f6ppna artikeln och bildspel om P4-kamelsafari.<br \/>\n<object id=\"srembeddedplayer\" classid=\"clsid:d27cdb6e-ae6d-11cf-96b8-444553540000\" width=\"475\" height=\"218\" codebase=\"http:\/\/download.macromedia.com\/pub\/shockwave\/cabs\/flash\/swflash.cab#version=10,0,0,0\" align=\"middle\"><param name=\"allowFullScreen\" value=\"false\" \/><param name=\"movie\" value=\"http:\/\/sverigesradio.se\/api\/flash\/player_embed.swf?8\" \/><param name=\"quality\" value=\"high\" \/><param name=\"flashvars\" value=\"playlist=http%3a%2f%2fsverigesradio.se%2fapi%2fradio%2fradio.aspx%3ftype%3ddb%26id%3d3083343%26codingformat%3d.m4a%26metafile%3dasx%26preview%3ddb\" \/><object width=\"475\" height=\"218\" name=\"flash\" data=\"http:\/\/sverigesradio.se\/api\/flash\/player_embed.swf?8\" type=\"application\/x-shockwave-flash\"><param name=\"allowFullScreen\" value=\"false\" \/><param name=\"movie\" value=\"http:\/\/sverigesradio.se\/api\/flash\/player_embed.swf?8\" \/><param name=\"quality\" value=\"high\" \/><param name=\"flashvars\" value=\"playlist=http%3a%2f%2fsverigesradio.se%2fapi%2fradio%2fradio.aspx%3ftype%3ddb%26id%3d3083343%26codingformat%3d.m4a%26metafile%3dasx%26preview%3ddb\" \/><param name=\"pluginurl\" value=\"http:\/\/get.adobe.com\/se\/flashplayer\/\" \/><a href=\"http:\/\/sverigesradio.se\/topsy\/ljudfil\/3083343.m4a\">Lyssna: &#8221;De \u00e4r j\u00e4ttelugna&#8221;<\/a><\/object><\/object><\/p>\n","protected":false},"excerpt":{"rendered":"<p>Inger Haglund intervjuades i Boulevard p\u00e5 P4. Klicka H\u00c4R f\u00f6r att \u00f6ppna artikeln och bildspel om P4-kamelsafari. Lyssna: &#8221;De \u00e4r j\u00e4ttelugna&#8221;<\/p>\n","protected":false},"author":1,"featured_media":0,"parent":33,"menu_order":8,"comment_status":"closed","ping_status":"closed","template":"","meta":{"footnotes":""},"class_list":["post-559","page","type-page","status-publish","hentry"],"_links":{"self":[{"href":"https:\/\/kallekamel.se\/index.php?rest_route=\/wp\/v2\/pages\/559","targetHints":{"allow":["GET"]}}],"collection":[{"href":"https:\/\/kallekamel.se\/index.php?rest_route=\/wp\/v2\/pages"}],"about":[{"href":"https:\/\/kallekamel.se\/index.php?rest_route=\/wp\/v2\/types\/page"}],"author":[{"embeddable":true,"href":"https:\/\/kallekamel.se\/index.php?rest_route=\/wp\/v2\/users\/1"}],"replies":[{"embeddable":true,"href":"https:\/\/kallekamel.se\/index.php?rest_route=%2Fwp%2Fv2%2Fcomments&post=559"}],"version-history":[{"count":8,"href":"https:\/\/kallekamel.se\/index.php?rest_route=\/wp\/v2\/pages\/559\/revisions"}],"predecessor-version":[{"id":1383,"href":"https:\/\/kallekamel.se\/index.php?rest_route=\/wp\/v2\/pages\/559\/revisions\/1383"}],"up":[{"embeddable":true,"href":"https:\/\/kallekamel.se\/index.php?rest_route=\/wp\/v2\/pages\/33"}],"wp:attachment":[{"href":"https:\/\/kallekamel.se\/index.php?rest_route=%2Fwp%2Fv2%2Fmedia&parent=559"}],"curies":[{"name":"wp","href":"https:\/\/api.w.org\/{rel}","templated":true}]}}