{"id":1631,"date":"2012-10-24T18:32:49","date_gmt":"2012-10-24T16:32:49","guid":{"rendered":"http:\/\/kallekamel.se\/?page_id=1631"},"modified":"2012-10-24T18:37:03","modified_gmt":"2012-10-24T16:37:03","slug":"anna-2","status":"publish","type":"page","link":"https:\/\/kallekamel.se\/?page_id=1631","title":{"rendered":"Anna"},"content":{"rendered":"<p>Annas mor kommer fr\u00e5n Kolmordens djurpark. Anna \u00e4r lika gammal som Kalle. Hon tycker mycket om sin man Kalle och sin son Karlsson. Anna tycker ocks\u00e5 v\u00e4ldigt mycket om mat.<a href=\"https:\/\/media.kallekamel.se\/2012\/10\/image.jpg\"><img loading=\"lazy\" decoding=\"async\" class=\"aligncenter size-full wp-image-1633\" title=\"image\" src=\"https:\/\/media.kallekamel.se\/2012\/10\/image.jpg\" alt=\"\" width=\"4752\" height=\"3168\" srcset=\"https:\/\/media.kallekamel.se\/2012\/10\/image.jpg 4752w, https:\/\/media.kallekamel.se\/2012\/10\/image-300x200.jpg 300w, https:\/\/media.kallekamel.se\/2012\/10\/image-1024x682.jpg 1024w\" sizes=\"auto, (max-width: 4752px) 100vw, 4752px\" \/><\/a><\/p>\n","protected":false},"excerpt":{"rendered":"<p>Annas mor kommer fr\u00e5n Kolmordens djurpark. Anna \u00e4r lika gammal som Kalle. Hon tycker mycket om sin man Kalle och sin son Karlsson. Anna tycker ocks\u00e5 v\u00e4ldigt mycket om mat.<\/p>\n","protected":false},"author":5,"featured_media":0,"parent":29,"menu_order":0,"comment_status":"closed","ping_status":"closed","template":"","meta":{"footnotes":""},"class_list":["post-1631","page","type-page","status-publish","hentry"],"_links":{"self":[{"href":"https:\/\/kallekamel.se\/index.php?rest_route=\/wp\/v2\/pages\/1631","targetHints":{"allow":["GET"]}}],"collection":[{"href":"https:\/\/kallekamel.se\/index.php?rest_route=\/wp\/v2\/pages"}],"about":[{"href":"https:\/\/kallekamel.se\/index.php?rest_route=\/wp\/v2\/types\/page"}],"author":[{"embeddable":true,"href":"https:\/\/kallekamel.se\/index.php?rest_route=\/wp\/v2\/users\/5"}],"replies":[{"embeddable":true,"href":"https:\/\/kallekamel.se\/index.php?rest_route=%2Fwp%2Fv2%2Fcomments&post=1631"}],"version-history":[{"count":3,"href":"https:\/\/kallekamel.se\/index.php?rest_route=\/wp\/v2\/pages\/1631\/revisions"}],"predecessor-version":[{"id":1637,"href":"https:\/\/kallekamel.se\/index.php?rest_route=\/wp\/v2\/pages\/1631\/revisions\/1637"}],"up":[{"embeddable":true,"href":"https:\/\/kallekamel.se\/index.php?rest_route=\/wp\/v2\/pages\/29"}],"wp:attachment":[{"href":"https:\/\/kallekamel.se\/index.php?rest_route=%2Fwp%2Fv2%2Fmedia&parent=1631"}],"curies":[{"name":"wp","href":"https:\/\/api.w.org\/{rel}","templated":true}]}}