{"id":1357,"date":"2012-04-16T20:15:54","date_gmt":"2012-04-16T18:15:54","guid":{"rendered":"http:\/\/kallekamel.se\/?page_id=1357"},"modified":"2012-04-17T12:44:20","modified_gmt":"2012-04-17T10:44:20","slug":"landsbygsgalan","status":"publish","type":"page","link":"https:\/\/kallekamel.se\/?page_id=1357","title":{"rendered":"Landsbygdsgalan"},"content":{"rendered":"<p>H\u00e4r \u00e4r presentationen av Kalle kamel med familj som visades i bl\u00e5 hallen den 9 november 2011.<br \/>\nVi tyckte det var trevligt och vill g\u00e4rna dela det med dig! Klicka p\u00e5 pilen f\u00f6r att starta filmen.<br \/>\n<iframe loading=\"lazy\" src=\"http:\/\/www.youtube.com\/embed\/P9ogPygoCzE\" frameborder=\"0\" width=\"560\" height=\"315\"><\/iframe><\/p>\n","protected":false},"excerpt":{"rendered":"<p>H\u00e4r \u00e4r presentationen av Kalle kamel med familj som visades i bl\u00e5 hallen den 9 november 2011. Vi tyckte det var trevligt och vill g\u00e4rna dela det med dig! Klicka p\u00e5 pilen f\u00f6r att starta filmen.<\/p>\n","protected":false},"author":1,"featured_media":0,"parent":33,"menu_order":6,"comment_status":"closed","ping_status":"closed","template":"","meta":{"footnotes":""},"class_list":["post-1357","page","type-page","status-publish","hentry"],"_links":{"self":[{"href":"https:\/\/kallekamel.se\/index.php?rest_route=\/wp\/v2\/pages\/1357","targetHints":{"allow":["GET"]}}],"collection":[{"href":"https:\/\/kallekamel.se\/index.php?rest_route=\/wp\/v2\/pages"}],"about":[{"href":"https:\/\/kallekamel.se\/index.php?rest_route=\/wp\/v2\/types\/page"}],"author":[{"embeddable":true,"href":"https:\/\/kallekamel.se\/index.php?rest_route=\/wp\/v2\/users\/1"}],"replies":[{"embeddable":true,"href":"https:\/\/kallekamel.se\/index.php?rest_route=%2Fwp%2Fv2%2Fcomments&post=1357"}],"version-history":[{"count":4,"href":"https:\/\/kallekamel.se\/index.php?rest_route=\/wp\/v2\/pages\/1357\/revisions"}],"predecessor-version":[{"id":1402,"href":"https:\/\/kallekamel.se\/index.php?rest_route=\/wp\/v2\/pages\/1357\/revisions\/1402"}],"up":[{"embeddable":true,"href":"https:\/\/kallekamel.se\/index.php?rest_route=\/wp\/v2\/pages\/33"}],"wp:attachment":[{"href":"https:\/\/kallekamel.se\/index.php?rest_route=%2Fwp%2Fv2%2Fmedia&parent=1357"}],"curies":[{"name":"wp","href":"https:\/\/api.w.org\/{rel}","templated":true}]}}