{"id":1232,"date":"2012-01-07T16:18:15","date_gmt":"2012-01-07T14:18:15","guid":{"rendered":"http:\/\/kallekamel.se\/?page_id=1232"},"modified":"2024-02-12T21:40:07","modified_gmt":"2024-02-12T19:40:07","slug":"ett-kortare-program","status":"publish","type":"page","link":"https:\/\/kallekamel.se\/?page_id=1232","title":{"rendered":"Karavanf\u00e4rd och fika"},"content":{"rendered":"<p><a href=\"https:\/\/picasaweb.google.com\/117465660164239924284\/Karavanfard?authuser=0&amp;feat=directlink\"><img loading=\"lazy\" decoding=\"async\" class=\"aligncenter\" title=\"karavanf\u00e4rd\" src=\"https:\/\/lh3.googleusercontent.com\/-yctIFPmsImM\/TdIQOEgQguI\/AAAAAAAAAqk\/ArF-tslTiVE\/s400\/DSCN2662.JPG\" alt=\"\" width=\"400\" height=\"300\" \/><\/a><\/p>\n<p>Vi erbjuder ett kortare program f\u00f6r ni som vill bara tr\u00e4ffa kamelerna och rida kamel.<\/p>\n<ul>\n<li>Karavanf\u00e4rd med Kalle, Anna och Karlsson<\/li>\n<li>Kaffe med sm\u00f6rg\u00e5s som avslutning kamelkaka<\/li>\n<\/ul>\n<p>Detta program kostar 3 270 kr inkl. moms. D\u00e5 f\u00e5r man vara upp till 6 personer. D\u00e4rut\u00f6ver 545 kr\/person inkl. moms.<\/p>\n<p><a href=\"https:\/\/media.kallekamel.se\/2012\/01\/20170903-IMG_0016.jpg\"><img loading=\"lazy\" decoding=\"async\" class=\"aligncenter size-full wp-image-2806\" title=\"20170903-IMG_0016\" src=\"https:\/\/media.kallekamel.se\/2012\/01\/20170903-IMG_0016.jpg\" alt=\"\" width=\"5472\" height=\"3648\" srcset=\"https:\/\/media.kallekamel.se\/2012\/01\/20170903-IMG_0016.jpg 5472w, https:\/\/media.kallekamel.se\/2012\/01\/20170903-IMG_0016-300x200.jpg 300w, https:\/\/media.kallekamel.se\/2012\/01\/20170903-IMG_0016-1024x682.jpg 1024w\" sizes=\"auto, (max-width: 5472px) 100vw, 5472px\" \/><\/a><\/p>\n<p><a href=\"https:\/\/picasaweb.google.com\/117465660164239924284\/30April2011Valborg?authuser=0&amp;feat=directlink\"><img loading=\"lazy\" decoding=\"async\" class=\"aligncenter\" title=\"Kalle, Anna och Karlsson\" src=\"https:\/\/lh6.googleusercontent.com\/-fM7KsgSjBuU\/TcZA3GTXWDI\/AAAAAAAAAm8\/_QIYjx_SVUM\/s400\/Kameler.jpg\" alt=\"\" width=\"400\" height=\"267\" \/><\/a><\/p>\n","protected":false},"excerpt":{"rendered":"<p>Vi erbjuder ett kortare program f\u00f6r ni som vill bara tr\u00e4ffa kamelerna och rida kamel. Karavanf\u00e4rd med Kalle, Anna och Karlsson Kaffe med sm\u00f6rg\u00e5s som avslutning kamelkaka Detta program kostar 3 270 kr inkl. moms. D\u00e5 f\u00e5r man vara upp &hellip; <a href=\"https:\/\/kallekamel.se\/?page_id=1232\">Forts\u00e4tt l\u00e4sa <span class=\"meta-nav\">&rarr;<\/span><\/a><\/p>\n","protected":false},"author":1,"featured_media":0,"parent":110,"menu_order":6,"comment_status":"closed","ping_status":"closed","template":"","meta":{"footnotes":""},"class_list":["post-1232","page","type-page","status-publish","hentry"],"_links":{"self":[{"href":"https:\/\/kallekamel.se\/index.php?rest_route=\/wp\/v2\/pages\/1232","targetHints":{"allow":["GET"]}}],"collection":[{"href":"https:\/\/kallekamel.se\/index.php?rest_route=\/wp\/v2\/pages"}],"about":[{"href":"https:\/\/kallekamel.se\/index.php?rest_route=\/wp\/v2\/types\/page"}],"author":[{"embeddable":true,"href":"https:\/\/kallekamel.se\/index.php?rest_route=\/wp\/v2\/users\/1"}],"replies":[{"embeddable":true,"href":"https:\/\/kallekamel.se\/index.php?rest_route=%2Fwp%2Fv2%2Fcomments&post=1232"}],"version-history":[{"count":15,"href":"https:\/\/kallekamel.se\/index.php?rest_route=\/wp\/v2\/pages\/1232\/revisions"}],"predecessor-version":[{"id":3440,"href":"https:\/\/kallekamel.se\/index.php?rest_route=\/wp\/v2\/pages\/1232\/revisions\/3440"}],"up":[{"embeddable":true,"href":"https:\/\/kallekamel.se\/index.php?rest_route=\/wp\/v2\/pages\/110"}],"wp:attachment":[{"href":"https:\/\/kallekamel.se\/index.php?rest_route=%2Fwp%2Fv2%2Fmedia&parent=1232"}],"curies":[{"name":"wp","href":"https:\/\/api.w.org\/{rel}","templated":true}]}}