{"id":110,"date":"2011-03-29T12:11:50","date_gmt":"2011-03-29T11:11:50","guid":{"rendered":"http:\/\/kallekamel.se\/?page_id=110"},"modified":"2016-03-12T12:59:14","modified_gmt":"2016-03-12T10:59:14","slug":"erbjudande","status":"publish","type":"page","link":"https:\/\/kallekamel.se\/?page_id=110","title":{"rendered":"Erbjudanden"},"content":{"rendered":"<p><a href=\"https:\/\/media.kallekamel.se\/2011\/03\/kamelroligt.png\"><img loading=\"lazy\" decoding=\"async\" class=\"size-full wp-image-618 alignleft\" title=\"kamelroligt\" src=\"https:\/\/media.kallekamel.se\/2011\/03\/kamelroligt.png\" alt=\"Kameler Rolf Gr\u00f6nroos\" width=\"315\" height=\"299\" srcset=\"https:\/\/media.kallekamel.se\/2011\/03\/kamelroligt.png 315w, https:\/\/media.kallekamel.se\/2011\/03\/kamelroligt-300x284.png 300w\" sizes=\"auto, (max-width: 315px) 100vw, 315px\" \/><\/a><br \/>\nKalle Kamel med familj erbjuder annorlunda upplevelse f\u00f6r till exempel grupper och f\u00f6retag.<br \/>\nHar du egna \u00f6nskem\u00e5l eller id\u00e9er \u00e4r du v\u00e4lkommen att diskutera det med oss. Vi tar g\u00e4rna fram f\u00f6rslag eller anpassar oss efter dina \u00f6nskem\u00e5l.<br \/>\nL\u00e4s i undermenyerna \u00a0eller kontakta oss!<\/p>\n<p><img loading=\"lazy\" decoding=\"async\" class=\"alignleft\" title=\"krama med Kalle\" src=\"https:\/\/lh4.googleusercontent.com\/-28kJDsfbtpY\/TnswTjxeiVI\/AAAAAAAAA2o\/eWmYfUilSE0\/s288\/DSCN2360.JPG\" alt=\"\" width=\"200\" height=\"150\" \/><\/p>\n","protected":false},"excerpt":{"rendered":"<p>Kalle Kamel med familj erbjuder annorlunda upplevelse f\u00f6r till exempel grupper och f\u00f6retag. Har du egna \u00f6nskem\u00e5l eller id\u00e9er \u00e4r du v\u00e4lkommen att diskutera det med oss. Vi tar g\u00e4rna fram f\u00f6rslag eller anpassar oss efter dina \u00f6nskem\u00e5l. L\u00e4s i &hellip; <a href=\"https:\/\/kallekamel.se\/?page_id=110\">Forts\u00e4tt l\u00e4sa <span class=\"meta-nav\">&rarr;<\/span><\/a><\/p>\n","protected":false},"author":1,"featured_media":0,"parent":0,"menu_order":3,"comment_status":"closed","ping_status":"closed","template":"","meta":{"footnotes":""},"class_list":["post-110","page","type-page","status-publish","hentry"],"_links":{"self":[{"href":"https:\/\/kallekamel.se\/index.php?rest_route=\/wp\/v2\/pages\/110","targetHints":{"allow":["GET"]}}],"collection":[{"href":"https:\/\/kallekamel.se\/index.php?rest_route=\/wp\/v2\/pages"}],"about":[{"href":"https:\/\/kallekamel.se\/index.php?rest_route=\/wp\/v2\/types\/page"}],"author":[{"embeddable":true,"href":"https:\/\/kallekamel.se\/index.php?rest_route=\/wp\/v2\/users\/1"}],"replies":[{"embeddable":true,"href":"https:\/\/kallekamel.se\/index.php?rest_route=%2Fwp%2Fv2%2Fcomments&post=110"}],"version-history":[{"count":24,"href":"https:\/\/kallekamel.se\/index.php?rest_route=\/wp\/v2\/pages\/110\/revisions"}],"predecessor-version":[{"id":2534,"href":"https:\/\/kallekamel.se\/index.php?rest_route=\/wp\/v2\/pages\/110\/revisions\/2534"}],"wp:attachment":[{"href":"https:\/\/kallekamel.se\/index.php?rest_route=%2Fwp%2Fv2%2Fmedia&parent=110"}],"curies":[{"name":"wp","href":"https:\/\/api.w.org\/{rel}","templated":true}]}}