{"id":1019,"date":"2011-10-25T11:31:00","date_gmt":"2011-10-25T09:31:00","guid":{"rendered":"http:\/\/kallekamel.se\/?page_id=1019"},"modified":"2011-11-07T15:16:53","modified_gmt":"2011-11-07T13:16:53","slug":"kamel-korkort","status":"publish","type":"page","link":"https:\/\/kallekamel.se\/?page_id=1019","title":{"rendered":"Kamel K\u00f6rkort"},"content":{"rendered":"<p><img loading=\"lazy\" decoding=\"async\" class=\"aligncenter\" title=\"k\u00f6rkortets framsidan\" src=\"https:\/\/lh4.googleusercontent.com\/-nupFE1Nl76Y\/TrfZ4LpgIjI\/AAAAAAAABF0\/MblTArnlGb4\/s400\/korkortfram.jpg\" alt=\"\" width=\"298\" height=\"400\" \/><br \/>\nN\u00e4r du rider kamel hos Kalle Kamel med familj f\u00e5r du ett k\u00f6rkort att visa upp f\u00f6r v\u00e4nner och familj. S\u00e5 att de vet att du kan rida kamel. Det g\u00e4ller bara f\u00f6r att rida kamel i Gamla Viker. Om du vill rida kamel i Somalia m\u00e5ste du avl\u00e4gga ett nytt prov.<br \/>\n<img loading=\"lazy\" decoding=\"async\" class=\"alignleft\" title=\"k\u00f6rkortet\" src=\"https:\/\/lh6.googleusercontent.com\/-znM0i6SfS2Q\/TqWezW0vYXI\/AAAAAAAABDg\/HGA8ttk0TLs\/s288\/IMG_0297.JPG\" alt=\"\" width=\"288\" height=\"217\" \/> <img loading=\"lazy\" decoding=\"async\" class=\"alignleft\" title=\"k\u00f6rkortet\" src=\"https:\/\/lh3.googleusercontent.com\/-CofZMQ9nqOg\/TqWe0vdvAUI\/AAAAAAAABDs\/fM_0QFKCiRY\/s288\/IMG_0298.JPG\" alt=\"\" width=\"288\" height=\"217\" \/><br \/>\n<img loading=\"lazy\" decoding=\"async\" class=\"alignleft\" title=\"baksidan\" src=\"https:\/\/lh3.googleusercontent.com\/-QzIb2hLAMoQ\/TqWe7QNII4I\/AAAAAAAABD4\/W1d8EhwjhW0\/s288\/IMG_0299.JPG\" alt=\"\" width=\"215\" height=\"288\" \/>P\u00e5 baksidan visar sig olika beh\u00f6righetskategorier.<br \/>\n&#8221;A&#8221; \u00e4r grundniv\u00e5n, d\u00e5 kr\u00e4vs att du ridit kamel en g\u00e5ng och att du suttit korrekt mellan pucklarna.<br \/>\n&#8221;C&#8221; \u00e4r en niv\u00e5 h\u00f6gre som kr\u00e4ver mera intensiv kamelridning. H\u00e4r kr\u00e4vs mer tr\u00e4ning f\u00f6rst\u00e5s!<br \/>\n&#8221;CE&#8221; \u00e4r h\u00f6gsta niv\u00e5n. H\u00e4r kr\u00e4vs erfarenhet fr\u00e5n att rida kamel, kunskaper om kamelens beteende och hur man p\u00e5 b\u00e4sta s\u00e4tt ska leda de i grimma.<br \/>\nInger och Ali best\u00e4mmer tillsammans vilken niv\u00e5 som \u00e4r l\u00e4mpligt f\u00f6r dig. Om du rider kamel mycket ofta kan det blir niv\u00e5 &#8221;C&#8221;, \u00e4r du mycket erfaren och jobbar som kameltr\u00e4nare kan \u00e4ven niv\u00e5 &#8221;CE&#8221; bli aktuell!<\/p>\n<p>Om Inger skulle gl\u00f6mma att ge dig ett k\u00f6rkort p\u00e5minn henne om detta!<\/p>\n","protected":false},"excerpt":{"rendered":"<p>N\u00e4r du rider kamel hos Kalle Kamel med familj f\u00e5r du ett k\u00f6rkort att visa upp f\u00f6r v\u00e4nner och familj. S\u00e5 att de vet att du kan rida kamel. Det g\u00e4ller bara f\u00f6r att rida kamel i Gamla Viker. Om &hellip; <a href=\"https:\/\/kallekamel.se\/?page_id=1019\">Forts\u00e4tt l\u00e4sa <span class=\"meta-nav\">&rarr;<\/span><\/a><\/p>\n","protected":false},"author":1,"featured_media":0,"parent":110,"menu_order":11,"comment_status":"closed","ping_status":"closed","template":"","meta":{"footnotes":""},"class_list":["post-1019","page","type-page","status-publish","hentry"],"_links":{"self":[{"href":"https:\/\/kallekamel.se\/index.php?rest_route=\/wp\/v2\/pages\/1019","targetHints":{"allow":["GET"]}}],"collection":[{"href":"https:\/\/kallekamel.se\/index.php?rest_route=\/wp\/v2\/pages"}],"about":[{"href":"https:\/\/kallekamel.se\/index.php?rest_route=\/wp\/v2\/types\/page"}],"author":[{"embeddable":true,"href":"https:\/\/kallekamel.se\/index.php?rest_route=\/wp\/v2\/users\/1"}],"replies":[{"embeddable":true,"href":"https:\/\/kallekamel.se\/index.php?rest_route=%2Fwp%2Fv2%2Fcomments&post=1019"}],"version-history":[{"count":19,"href":"https:\/\/kallekamel.se\/index.php?rest_route=\/wp\/v2\/pages\/1019\/revisions"}],"predecessor-version":[{"id":1100,"href":"https:\/\/kallekamel.se\/index.php?rest_route=\/wp\/v2\/pages\/1019\/revisions\/1100"}],"up":[{"embeddable":true,"href":"https:\/\/kallekamel.se\/index.php?rest_route=\/wp\/v2\/pages\/110"}],"wp:attachment":[{"href":"https:\/\/kallekamel.se\/index.php?rest_route=%2Fwp%2Fv2%2Fmedia&parent=1019"}],"curies":[{"name":"wp","href":"https:\/\/api.w.org\/{rel}","templated":true}]}}